{"version":"1.0","provider_name":"innoticiasbo.com","provider_url":"https:\/\/innoticiasbo.com","author_name":"Prensa 11","author_url":"https:\/\/innoticiasbo.com\/index.php\/author\/prensa-11\/","title":"RENUNCI\u00d3 LA VOCERA PRESIDENCIAL CARLA FAVAL - innoticiasbo.com","type":"rich","width":600,"height":338,"html":"<blockquote class=\"wp-embedded-content\" data-secret=\"ITCfvBk9Rz\"><a href=\"https:\/\/innoticiasbo.com\/index.php\/2026\/03\/17\/renuncio-la-vocera-presidencial-carla-faval\/\">RENUNCI\u00d3 LA VOCERA PRESIDENCIAL CARLA FAVAL<\/a><\/blockquote><iframe sandbox=\"allow-scripts\" security=\"restricted\" src=\"https:\/\/innoticiasbo.com\/index.php\/2026\/03\/17\/renuncio-la-vocera-presidencial-carla-faval\/embed\/#?secret=ITCfvBk9Rz\" width=\"600\" height=\"338\" title=\"\u00abRENUNCI\u00d3 LA VOCERA PRESIDENCIAL CARLA FAVAL\u00bb \u2014 innoticiasbo.com\" data-secret=\"ITCfvBk9Rz\" frameborder=\"0\" marginwidth=\"0\" marginheight=\"0\" scrolling=\"no\" class=\"wp-embedded-content\"><\/iframe><script>\n\/*! This file is auto-generated *\/\n!function(d,l){\"use strict\";l.querySelector&&d.addEventListener&&\"undefined\"!=typeof URL&&(d.wp=d.wp||{},d.wp.receiveEmbedMessage||(d.wp.receiveEmbedMessage=function(e){var t=e.data;if((t||t.secret||t.message||t.value)&&!\/[^a-zA-Z0-9]\/.test(t.secret)){for(var s,r,n,a=l.querySelectorAll('iframe[data-secret=\"'+t.secret+'\"]'),o=l.querySelectorAll('blockquote[data-secret=\"'+t.secret+'\"]'),c=new RegExp(\"^https?:$\",\"i\"),i=0;i<o.length;i++)o[i].style.display=\"none\";for(i=0;i<a.length;i++)s=a[i],e.source===s.contentWindow&&(s.removeAttribute(\"style\"),\"height\"===t.message?(1e3<(r=parseInt(t.value,10))?r=1e3:~~r<200&&(r=200),s.height=r):\"link\"===t.message&&(r=new URL(s.getAttribute(\"src\")),n=new URL(t.value),c.test(n.protocol))&&n.host===r.host&&l.activeElement===s&&(d.top.location.href=t.value))}},d.addEventListener(\"message\",d.wp.receiveEmbedMessage,!1),l.addEventListener(\"DOMContentLoaded\",function(){for(var e,t,s=l.querySelectorAll(\"iframe.wp-embedded-content\"),r=0;r<s.length;r++)(t=(e=s[r]).getAttribute(\"data-secret\"))||(t=Math.random().toString(36).substring(2,12),e.src+=\"#?secret=\"+t,e.setAttribute(\"data-secret\",t)),e.contentWindow.postMessage({message:\"ready\",secret:t},\"*\")},!1)))}(window,document);\n<\/script>\n","thumbnail_url":"https:\/\/innoticiasbo.com\/wp-content\/uploads\/2026\/03\/653363692_947484004467524_5950221893704882302_n.jpg","thumbnail_width":980,"thumbnail_height":653,"description":"La Paz, 17 de Marzo de 2026.- La ahora exvocera presidencial, Carla Faval, anunci\u00f3 su decisi\u00f3n de concluir sus funciones al frente de la comunicaci\u00f3n del Ejecutivo, cargo que desempe\u00f1\u00f3 desde la asunci\u00f3n del presidente Rodrigo Paz. Mediante un comunicado oficial, Faval inform\u00f3 que su salida responde al inicio de una nueva etapa personal y..."}

RENUNCIÓ LA VOCERA PRESIDENCIAL CARLA FAVAL - innoticiasbo.com

<blockquote class="wp-embedded-content" data-secret="ITCfvBk9Rz"><a href="https://innoticiasbo.com/index.php/2026/03/17/renuncio-la-vocera-presidencial-carla-faval/">RENUNCIÓ LA VOCERA PRESIDENCIAL CARLA FAVAL</a></blockquote><iframe sandbox="allow-scripts" security="restricted" src="https://innoticiasbo.com/index.php/2026/03/17/renuncio-la-vocera-presidencial-carla-faval/embed/#?secret=ITCfvBk9Rz" width="600" height="338" title="«RENUNCIÓ LA VOCERA PRESIDENCIAL CARLA FAVAL» — innoticiasbo.com" data-secret="ITCfvBk9Rz" frameborder="0" marginwidth="0" marginheight="0" scrolling="no" class="wp-embedded-content"></iframe><script>
/*! This file is auto-generated */
!function(d,l){"use strict";l.querySelector&&d.addEventListener&&"undefined"!=typeof URL&&(d.wp=d.wp||{},d.wp.receiveEmbedMessage||(d.wp.receiveEmbedMessage=function(e){var t=e.data;if((t||t.secret||t.message||t.value)&&!/[^a-zA-Z0-9]/.test(t.secret)){for(var s,r,n,a=l.querySelectorAll('iframe[data-secret="'+t.secret+'"]'),o=l.querySelectorAll('blockquote[data-secret="'+t.secret+'"]'),c=new RegExp("^https?:$","i"),i=0;i<o.length;i++)o[i].style.display="none";for(i=0;i<a.length;i++)s=a[i],e.source===s.contentWindow&&(s.removeAttribute("style"),"height"===t.message?(1e3<(r=parseInt(t.value,10))?r=1e3:~~r<200&&(r=200),s.height=r):"link"===t.message&&(r=new URL(s.getAttribute("src")),n=new URL(t.value),c.test(n.protocol))&&n.host===r.host&&l.activeElement===s&&(d.top.location.href=t.value))}},d.addEventListener("message",d.wp.receiveEmbedMessage,!1),l.addEventListener("DOMContentLoaded",function(){for(var e,t,s=l.querySelectorAll("iframe.wp-embedded-content"),r=0;r<s.length;r++)(t=(e=s[r]).getAttribute("data-secret"))||(t=Math.random().toString(36).substring(2,12),e.src+="#?secret="+t,e.setAttribute("data-secret",t)),e.contentWindow.postMessage({message:"ready",secret:t},"*")},!1)))}(window,document);
</script>

La Paz, 17 de Marzo de 2026.- La ahora exvocera presidencial, Carla Faval, anunció su decisión de concluir sus funciones al frente de la comunicación del Ejecutivo, cargo que desempeñó desde la asunción del presidente Rodrigo Paz. Mediante un comunicado oficial, Faval informó que su salida responde al inicio de una nueva etapa personal y...
