{"version":"1.0","provider_name":"innoticiasbo.com","provider_url":"https:\/\/innoticiasbo.com","author_name":"Prensa 11","author_url":"https:\/\/innoticiasbo.com\/index.php\/author\/prensa-11\/","title":"PAZ PARTICIPA DEL CAMBIO DE MANDO EN CHILE - innoticiasbo.com","type":"rich","width":600,"height":338,"html":"<blockquote class=\"wp-embedded-content\" data-secret=\"zl1ogbpW6D\"><a href=\"https:\/\/innoticiasbo.com\/index.php\/2026\/03\/11\/paz-participa-del-cambio-de-mando-en-chile\/\">PAZ PARTICIPA DEL CAMBIO DE MANDO EN CHILE<\/a><\/blockquote><iframe sandbox=\"allow-scripts\" security=\"restricted\" src=\"https:\/\/innoticiasbo.com\/index.php\/2026\/03\/11\/paz-participa-del-cambio-de-mando-en-chile\/embed\/#?secret=zl1ogbpW6D\" width=\"600\" height=\"338\" title=\"\u00abPAZ PARTICIPA DEL CAMBIO DE MANDO EN CHILE\u00bb \u2014 innoticiasbo.com\" data-secret=\"zl1ogbpW6D\" frameborder=\"0\" marginwidth=\"0\" marginheight=\"0\" scrolling=\"no\" class=\"wp-embedded-content\"><\/iframe><script>\n\/*! This file is auto-generated *\/\n!function(d,l){\"use strict\";l.querySelector&&d.addEventListener&&\"undefined\"!=typeof URL&&(d.wp=d.wp||{},d.wp.receiveEmbedMessage||(d.wp.receiveEmbedMessage=function(e){var t=e.data;if((t||t.secret||t.message||t.value)&&!\/[^a-zA-Z0-9]\/.test(t.secret)){for(var s,r,n,a=l.querySelectorAll('iframe[data-secret=\"'+t.secret+'\"]'),o=l.querySelectorAll('blockquote[data-secret=\"'+t.secret+'\"]'),c=new RegExp(\"^https?:$\",\"i\"),i=0;i<o.length;i++)o[i].style.display=\"none\";for(i=0;i<a.length;i++)s=a[i],e.source===s.contentWindow&&(s.removeAttribute(\"style\"),\"height\"===t.message?(1e3<(r=parseInt(t.value,10))?r=1e3:~~r<200&&(r=200),s.height=r):\"link\"===t.message&&(r=new URL(s.getAttribute(\"src\")),n=new URL(t.value),c.test(n.protocol))&&n.host===r.host&&l.activeElement===s&&(d.top.location.href=t.value))}},d.addEventListener(\"message\",d.wp.receiveEmbedMessage,!1),l.addEventListener(\"DOMContentLoaded\",function(){for(var e,t,s=l.querySelectorAll(\"iframe.wp-embedded-content\"),r=0;r<s.length;r++)(t=(e=s[r]).getAttribute(\"data-secret\"))||(t=Math.random().toString(36).substring(2,12),e.src+=\"#?secret=\"+t,e.setAttribute(\"data-secret\",t)),e.contentWindow.postMessage({message:\"ready\",secret:t},\"*\")},!1)))}(window,document);\n<\/script>\n","thumbnail_url":"https:\/\/innoticiasbo.com\/wp-content\/uploads\/2026\/03\/image-144.png","thumbnail_width":770,"thumbnail_height":430,"description":"Internacional, 11 de Marzo de 2026.- El presidente de Bolivia, Rodrigo Paz, ya se encuentra en la sede del Congreso Nacional en Valpara\u00edso en Chile para participar de las actividades oficiales de la posesi\u00f3n presidencial del nuevo mandatario chileno, Jos\u00e9 Antonio Kast. Paz lleg\u00f3 acompa\u00f1ado por la primera dama, Mariela Enurquidi, y fue recibido con..."}

Internacional, 11 de Marzo de 2026.- El presidente de Bolivia, Rodrigo Paz, ya se encuentra en la sede del Congreso Nacional en Valparaíso en Chile para participar de las actividades oficiales de la posesión presidencial del nuevo mandatario chileno, José Antonio Kast. Paz llegó acompañado por la primera dama, Mariela Enurquidi, y fue recibido con...
