{"version":"1.0","provider_name":"innoticiasbo.com","provider_url":"https:\/\/innoticiasbo.com","author_name":"Prensa","author_url":"https:\/\/innoticiasbo.com\/index.php\/author\/prensa\/","title":"DE LA NACI\u00d3N PLURAL AL ESTADO PLURINACIONAL - innoticiasbo.com","type":"rich","width":600,"height":338,"html":"<blockquote class=\"wp-embedded-content\" data-secret=\"YxmkK1alvC\"><a href=\"https:\/\/innoticiasbo.com\/index.php\/2026\/01\/23\/de-la-nacion-plural-al-estado-plurinacional\/\">DE LA NACI\u00d3N PLURAL AL ESTADO PLURINACIONAL<\/a><\/blockquote><iframe sandbox=\"allow-scripts\" security=\"restricted\" src=\"https:\/\/innoticiasbo.com\/index.php\/2026\/01\/23\/de-la-nacion-plural-al-estado-plurinacional\/embed\/#?secret=YxmkK1alvC\" width=\"600\" height=\"338\" title=\"\u00abDE LA NACI\u00d3N PLURAL AL ESTADO PLURINACIONAL\u00bb \u2014 innoticiasbo.com\" data-secret=\"YxmkK1alvC\" frameborder=\"0\" marginwidth=\"0\" marginheight=\"0\" scrolling=\"no\" class=\"wp-embedded-content\"><\/iframe><script>\n\/*! This file is auto-generated *\/\n!function(d,l){\"use strict\";l.querySelector&&d.addEventListener&&\"undefined\"!=typeof URL&&(d.wp=d.wp||{},d.wp.receiveEmbedMessage||(d.wp.receiveEmbedMessage=function(e){var t=e.data;if((t||t.secret||t.message||t.value)&&!\/[^a-zA-Z0-9]\/.test(t.secret)){for(var s,r,n,a=l.querySelectorAll('iframe[data-secret=\"'+t.secret+'\"]'),o=l.querySelectorAll('blockquote[data-secret=\"'+t.secret+'\"]'),c=new RegExp(\"^https?:$\",\"i\"),i=0;i<o.length;i++)o[i].style.display=\"none\";for(i=0;i<a.length;i++)s=a[i],e.source===s.contentWindow&&(s.removeAttribute(\"style\"),\"height\"===t.message?(1e3<(r=parseInt(t.value,10))?r=1e3:~~r<200&&(r=200),s.height=r):\"link\"===t.message&&(r=new URL(s.getAttribute(\"src\")),n=new URL(t.value),c.test(n.protocol))&&n.host===r.host&&l.activeElement===s&&(d.top.location.href=t.value))}},d.addEventListener(\"message\",d.wp.receiveEmbedMessage,!1),l.addEventListener(\"DOMContentLoaded\",function(){for(var e,t,s=l.querySelectorAll(\"iframe.wp-embedded-content\"),r=0;r<s.length;r++)(t=(e=s[r]).getAttribute(\"data-secret\"))||(t=Math.random().toString(36).substring(2,12),e.src+=\"#?secret=\"+t,e.setAttribute(\"data-secret\",t)),e.contentWindow.postMessage({message:\"ready\",secret:t},\"*\")},!1)))}(window,document);\n<\/script>\n","thumbnail_url":"https:\/\/i0.wp.com\/innoticiasbo.com\/wp-content\/uploads\/2026\/01\/6_20251228_130249_0005-1.png?fit=1080%2C1080&ssl=1","thumbnail_width":1080,"thumbnail_height":1080,"description":"(Art\u00edculo publicado el 13 junio de 2007, que el autor vuelve a compartir hoy a prop\u00f3sito del D\u00eda del Estado Plurinacional Debo confesar que me he robado el t\u00edtulo de una conferencia dictada en noviembre del 1996 en Espa\u00f1a, porque vengo sosteniendo que la idea del Estado Plurinacional responde a una l\u00f3gica ETArra que lo..."}

DE LA NACIÓN PLURAL AL ESTADO PLURINACIONAL - innoticiasbo.com

<blockquote class="wp-embedded-content" data-secret="YxmkK1alvC"><a href="https://innoticiasbo.com/index.php/2026/01/23/de-la-nacion-plural-al-estado-plurinacional/">DE LA NACIÓN PLURAL AL ESTADO PLURINACIONAL</a></blockquote><iframe sandbox="allow-scripts" security="restricted" src="https://innoticiasbo.com/index.php/2026/01/23/de-la-nacion-plural-al-estado-plurinacional/embed/#?secret=YxmkK1alvC" width="600" height="338" title="«DE LA NACIÓN PLURAL AL ESTADO PLURINACIONAL» — innoticiasbo.com" data-secret="YxmkK1alvC" frameborder="0" marginwidth="0" marginheight="0" scrolling="no" class="wp-embedded-content"></iframe><script>
/*! This file is auto-generated */
!function(d,l){"use strict";l.querySelector&&d.addEventListener&&"undefined"!=typeof URL&&(d.wp=d.wp||{},d.wp.receiveEmbedMessage||(d.wp.receiveEmbedMessage=function(e){var t=e.data;if((t||t.secret||t.message||t.value)&&!/[^a-zA-Z0-9]/.test(t.secret)){for(var s,r,n,a=l.querySelectorAll('iframe[data-secret="'+t.secret+'"]'),o=l.querySelectorAll('blockquote[data-secret="'+t.secret+'"]'),c=new RegExp("^https?:$","i"),i=0;i<o.length;i++)o[i].style.display="none";for(i=0;i<a.length;i++)s=a[i],e.source===s.contentWindow&&(s.removeAttribute("style"),"height"===t.message?(1e3<(r=parseInt(t.value,10))?r=1e3:~~r<200&&(r=200),s.height=r):"link"===t.message&&(r=new URL(s.getAttribute("src")),n=new URL(t.value),c.test(n.protocol))&&n.host===r.host&&l.activeElement===s&&(d.top.location.href=t.value))}},d.addEventListener("message",d.wp.receiveEmbedMessage,!1),l.addEventListener("DOMContentLoaded",function(){for(var e,t,s=l.querySelectorAll("iframe.wp-embedded-content"),r=0;r<s.length;r++)(t=(e=s[r]).getAttribute("data-secret"))||(t=Math.random().toString(36).substring(2,12),e.src+="#?secret="+t,e.setAttribute("data-secret",t)),e.contentWindow.postMessage({message:"ready",secret:t},"*")},!1)))}(window,document);
</script>

(Artículo publicado el 13 junio de 2007, que el autor vuelve a compartir hoy a propósito del Día del Estado Plurinacional Debo confesar que me he robado el título de una conferencia dictada en noviembre del 1996 en España, porque vengo sosteniendo que la idea del Estado Plurinacional responde a una lógica ETArra que lo...
