{"version":"1.0","provider_name":"innoticiasbo.com","provider_url":"https:\/\/innoticiasbo.com","author_name":"Prensa 2","author_url":"https:\/\/innoticiasbo.com\/index.php\/author\/prensa-2\/","title":"ANDR\u00d3NICO RODR\u00cdGUEZ PROCLAMADO EN EL ALTO - innoticiasbo.com","type":"rich","width":600,"height":338,"html":"<blockquote class=\"wp-embedded-content\" data-secret=\"HOonrQipsl\"><a href=\"https:\/\/innoticiasbo.com\/index.php\/2025\/05\/10\/andronico-rodriguez-proclamado-en-el-alto\/\">ANDR\u00d3NICO RODR\u00cdGUEZ PROCLAMADO EN EL ALTO<\/a><\/blockquote><iframe sandbox=\"allow-scripts\" security=\"restricted\" src=\"https:\/\/innoticiasbo.com\/index.php\/2025\/05\/10\/andronico-rodriguez-proclamado-en-el-alto\/embed\/#?secret=HOonrQipsl\" width=\"600\" height=\"338\" title=\"\u00abANDR\u00d3NICO RODR\u00cdGUEZ PROCLAMADO EN EL ALTO\u00bb \u2014 innoticiasbo.com\" data-secret=\"HOonrQipsl\" frameborder=\"0\" marginwidth=\"0\" marginheight=\"0\" scrolling=\"no\" class=\"wp-embedded-content\"><\/iframe><script>\n\/*! This file is auto-generated *\/\n!function(d,l){\"use strict\";l.querySelector&&d.addEventListener&&\"undefined\"!=typeof URL&&(d.wp=d.wp||{},d.wp.receiveEmbedMessage||(d.wp.receiveEmbedMessage=function(e){var t=e.data;if((t||t.secret||t.message||t.value)&&!\/[^a-zA-Z0-9]\/.test(t.secret)){for(var s,r,n,a=l.querySelectorAll('iframe[data-secret=\"'+t.secret+'\"]'),o=l.querySelectorAll('blockquote[data-secret=\"'+t.secret+'\"]'),c=new RegExp(\"^https?:$\",\"i\"),i=0;i<o.length;i++)o[i].style.display=\"none\";for(i=0;i<a.length;i++)s=a[i],e.source===s.contentWindow&&(s.removeAttribute(\"style\"),\"height\"===t.message?(1e3<(r=parseInt(t.value,10))?r=1e3:~~r<200&&(r=200),s.height=r):\"link\"===t.message&&(r=new URL(s.getAttribute(\"src\")),n=new URL(t.value),c.test(n.protocol))&&n.host===r.host&&l.activeElement===s&&(d.top.location.href=t.value))}},d.addEventListener(\"message\",d.wp.receiveEmbedMessage,!1),l.addEventListener(\"DOMContentLoaded\",function(){for(var e,t,s=l.querySelectorAll(\"iframe.wp-embedded-content\"),r=0;r<s.length;r++)(t=(e=s[r]).getAttribute(\"data-secret\"))||(t=Math.random().toString(36).substring(2,12),e.src+=\"#?secret=\"+t,e.setAttribute(\"data-secret\",t)),e.contentWindow.postMessage({message:\"ready\",secret:t},\"*\")},!1)))}(window,document);\n<\/script>\n","thumbnail_url":"https:\/\/i0.wp.com\/innoticiasbo.com\/wp-content\/uploads\/2025\/05\/FB_IMG_1746904183275.jpg?fit=1080%2C770&ssl=1","thumbnail_width":1080,"thumbnail_height":770,"description":"El Alto, 10 de mayo del 2025.- Como hab\u00edan adelantado los seguidores del presidente del Senado, \u00e9ste s\u00e1bado cientos de personas se dieron cita en la avenida Panor\u00e1mica, de la ciudad de El Alto, para expresar su apoyo a Andr\u00f3nico Rodr\u00edguez, rumbo a las elecciones presidenciales. Durante el acto, el legislador pidi\u00f3 una elecci\u00f3n de..."}

ANDRÓNICO RODRÍGUEZ PROCLAMADO EN EL ALTO - innoticiasbo.com

<blockquote class="wp-embedded-content" data-secret="HOonrQipsl"><a href="https://innoticiasbo.com/index.php/2025/05/10/andronico-rodriguez-proclamado-en-el-alto/">ANDRÓNICO RODRÍGUEZ PROCLAMADO EN EL ALTO</a></blockquote><iframe sandbox="allow-scripts" security="restricted" src="https://innoticiasbo.com/index.php/2025/05/10/andronico-rodriguez-proclamado-en-el-alto/embed/#?secret=HOonrQipsl" width="600" height="338" title="«ANDRÓNICO RODRÍGUEZ PROCLAMADO EN EL ALTO» — innoticiasbo.com" data-secret="HOonrQipsl" frameborder="0" marginwidth="0" marginheight="0" scrolling="no" class="wp-embedded-content"></iframe><script>
/*! This file is auto-generated */
!function(d,l){"use strict";l.querySelector&&d.addEventListener&&"undefined"!=typeof URL&&(d.wp=d.wp||{},d.wp.receiveEmbedMessage||(d.wp.receiveEmbedMessage=function(e){var t=e.data;if((t||t.secret||t.message||t.value)&&!/[^a-zA-Z0-9]/.test(t.secret)){for(var s,r,n,a=l.querySelectorAll('iframe[data-secret="'+t.secret+'"]'),o=l.querySelectorAll('blockquote[data-secret="'+t.secret+'"]'),c=new RegExp("^https?:$","i"),i=0;i<o.length;i++)o[i].style.display="none";for(i=0;i<a.length;i++)s=a[i],e.source===s.contentWindow&&(s.removeAttribute("style"),"height"===t.message?(1e3<(r=parseInt(t.value,10))?r=1e3:~~r<200&&(r=200),s.height=r):"link"===t.message&&(r=new URL(s.getAttribute("src")),n=new URL(t.value),c.test(n.protocol))&&n.host===r.host&&l.activeElement===s&&(d.top.location.href=t.value))}},d.addEventListener("message",d.wp.receiveEmbedMessage,!1),l.addEventListener("DOMContentLoaded",function(){for(var e,t,s=l.querySelectorAll("iframe.wp-embedded-content"),r=0;r<s.length;r++)(t=(e=s[r]).getAttribute("data-secret"))||(t=Math.random().toString(36).substring(2,12),e.src+="#?secret="+t,e.setAttribute("data-secret",t)),e.contentWindow.postMessage({message:"ready",secret:t},"*")},!1)))}(window,document);
</script>

El Alto, 10 de mayo del 2025.- Como habían adelantado los seguidores del presidente del Senado, éste sábado cientos de personas se dieron cita en la avenida Panorámica, de la ciudad de El Alto, para expresar su apoyo a Andrónico Rodríguez, rumbo a las elecciones presidenciales. Durante el acto, el legislador pidió una elección de...
