{"version":"1.0","provider_name":"innoticiasbo.com","provider_url":"https:\/\/innoticiasbo.com","author_name":"Prensa","author_url":"https:\/\/innoticiasbo.com\/index.php\/author\/prensa\/","title":"MARCHA EVISTA AVANZA RUMBO A LA PAZ - innoticiasbo.com","type":"rich","width":600,"height":338,"html":"<blockquote class=\"wp-embedded-content\" data-secret=\"H7iugQ6FrE\"><a href=\"https:\/\/innoticiasbo.com\/index.php\/2024\/09\/17\/marcha-evista-avanza-rumbo-a-la-paz\/\">MARCHA EVISTA AVANZA RUMBO A LA PAZ<\/a><\/blockquote><iframe sandbox=\"allow-scripts\" security=\"restricted\" src=\"https:\/\/innoticiasbo.com\/index.php\/2024\/09\/17\/marcha-evista-avanza-rumbo-a-la-paz\/embed\/#?secret=H7iugQ6FrE\" width=\"600\" height=\"338\" title=\"\u00abMARCHA EVISTA AVANZA RUMBO A LA PAZ\u00bb \u2014 innoticiasbo.com\" data-secret=\"H7iugQ6FrE\" frameborder=\"0\" marginwidth=\"0\" marginheight=\"0\" scrolling=\"no\" class=\"wp-embedded-content\"><\/iframe><script>\n\/*! This file is auto-generated *\/\n!function(d,l){\"use strict\";l.querySelector&&d.addEventListener&&\"undefined\"!=typeof URL&&(d.wp=d.wp||{},d.wp.receiveEmbedMessage||(d.wp.receiveEmbedMessage=function(e){var t=e.data;if((t||t.secret||t.message||t.value)&&!\/[^a-zA-Z0-9]\/.test(t.secret)){for(var s,r,n,a=l.querySelectorAll('iframe[data-secret=\"'+t.secret+'\"]'),o=l.querySelectorAll('blockquote[data-secret=\"'+t.secret+'\"]'),c=new RegExp(\"^https?:$\",\"i\"),i=0;i<o.length;i++)o[i].style.display=\"none\";for(i=0;i<a.length;i++)s=a[i],e.source===s.contentWindow&&(s.removeAttribute(\"style\"),\"height\"===t.message?(1e3<(r=parseInt(t.value,10))?r=1e3:~~r<200&&(r=200),s.height=r):\"link\"===t.message&&(r=new URL(s.getAttribute(\"src\")),n=new URL(t.value),c.test(n.protocol))&&n.host===r.host&&l.activeElement===s&&(d.top.location.href=t.value))}},d.addEventListener(\"message\",d.wp.receiveEmbedMessage,!1),l.addEventListener(\"DOMContentLoaded\",function(){for(var e,t,s=l.querySelectorAll(\"iframe.wp-embedded-content\"),r=0;r<s.length;r++)(t=(e=s[r]).getAttribute(\"data-secret\"))||(t=Math.random().toString(36).substring(2,12),e.src+=\"#?secret=\"+t,e.setAttribute(\"data-secret\",t)),e.contentWindow.postMessage({message:\"ready\",secret:t},\"*\")},!1)))}(window,document);\n<\/script>\n","thumbnail_url":"https:\/\/i0.wp.com\/innoticiasbo.com\/wp-content\/uploads\/2024\/09\/2024091712211739299.jpg?fit=768%2C432&ssl=1","thumbnail_width":768,"thumbnail_height":432,"description":"Oruro, 17 de septiembre de 2024.- La movilizaci\u00f3n del evismo en contra del gobierno de Luis Arce, que lleva el slogan \u201cpara salvar Bolivia\u201d, comenz\u00f3 desde la poblaci\u00f3n de Caracollo (Oruro) con la participaci\u00f3n de delegaciones de distintos sectores del evismo.En un discurso en medio de la concentraci\u00f3n, Morales augur\u00f3 que tras la asistencia de..."}

Oruro, 17 de septiembre de 2024.- La movilización del evismo en contra del gobierno de Luis Arce, que lleva el slogan “para salvar Bolivia”, comenzó desde la población de Caracollo (Oruro) con la participación de delegaciones de distintos sectores del evismo.En un discurso en medio de la concentración, Morales auguró que tras la asistencia de...
